d(u) = 2*u**2 - 6*u + 23. Give d(6).
59
Let h(k) = 3*k**2 + 16*k - 13. Calculate h(-6).
-1
Let m(l) = -5*l**3 + l**2 + l - 1. What is m(-1)?
4
Let m(g) = -2*g + 23. Calculate m(15).
-7
Let h(r) = -2*r - 6. Give h(0).
-6
Let z(j) = -j**3 - 11*j**2 - 17*j - 17. What is z(-9)?
-26
Let i(z) = -21*z + 11. What is i(1)?
-10
Let n(x) = -x**2 + 5*x + 4. Calculate n(7).
-10
Let p(r) = -4*r - 4. Determine p(5).
-24
Let s(z) = -z**3 + 28*z**2 - 50*z + 16. Determine s(26).
68
Let t(z) = -z**2 + 50*z - 260. Calculate t(44).
4
Let i(t) = t**3 + 12*t**2 - 27*t + 23. What is i(-14)?
9
Let h(z) = -18*z + 93. Give h(5).
3
Let b(o) = 2*o**2 - 7*o - 6. Give b(8).
66
Let m(t) = -t**2 + 19*t - 69. What is m(5)?
1
Let s(o) = -7*o**2 + o. Calculate s(0).
0
Let a(x) = 2*x**2 - 2*x - 3. Determine a(3).
9
Let f(o) = -o**3 + 9*o**2 - 2*o + 11. Calculate f(9).
-7
Let d(c) = -c - 6. Determine d(-12).
6
Let v(c) = 6*c. Give v(1).
6
Let y(x) = x**3 - 14*x**2 + 38*x + 33. Determine y(5).
-2
Let x(g) = -g**2 - 10*g + 20. Give x(-12).
-4
Let s(b) = b**2 - 9*b - 10. Calculate s(10).
0
Let z(d) = -d**3 - 11*d**2 - 15*d - 24. What is z(-10)?
26
Let w(f) = -f**3 - 9*f**2 + 9*f - 17. Give w(-10).
-7
Let b(t) = -t**3 + 6*t**2 - 5*t. Determine b(5).
0
Let i(x) = 2*x**3 + 9*x**2 + 11*x - 4. Calculate i(-4).
-32
Let x(d) = 2*d**2 + 20*d + 2. Determine x(-10).
2
Let x(r) = -r**2 + 23*r - 39. Give x(21).
3
Let u(f) = -6*f + 43. Give u(9).
-11
Let c(f) = -13*f**2 + f + 1. What is c(1)?
-11
Let u(k) = -19*k**2 - 5*k - 3. Calculate u(-1).
-17
Let v(y) = -4*y + 39. Give v(8).
7
Let s(b) = -10*b**2 - b - 3. What is s(3)?
-96
Let k(s) = -s**3 + 18*s**2 + 27*s - 146. What is k(19)?
6
Let l(j) = 3*j + 5. Give l(4).
17
Let y(i) = -9*i + 10. What is y(2)?
-8
Let h(w) = w**2 + 8*w + 1. Determine h(-1).
-6
Let m(s) = -s**3 + 7*s**2 + 8*s + 1. Determine m(-2).
21
Let w(g) = -g**3 - 5*g**2 - 4*g - 4. Calculate w(-5).
16
Let x(m) = -m**2 - 12*m - 4. Determine x(-12).
-4
Let s(o) = -o**2 - 15*o - 12. Determine s(-16).
-28
Let m(w) = w**3 + 6*w**2 - 6*w + 10. Give m(-7).
3
Let x(s) = -s**2 - 19*s + 13. Calculate x(-20).
-7
Let g(s) = -3*s - 33. Give g(-12).
3
Let y(a) = 3*a - 5. Determine y(1).
-2
Let o(l) = -4*l**2 - 17*l - 40. What is o(-3)?
-25
Let x(a) = -20*a + 5. Give x(-4).
85
Let f(m) = 2*m**2 + 82*m + 155. Calculate f(-39).
-1
Let q(o) = 5*o + 25. Give q(-5).
0
Let f(u) = u**2 + 22*u + 30. Give f(-21).
9
Let g(d) = -d**3 + 6*d**2 + d + 1. Determine g(6).
7
Let x(z) = z**2 + 4*z - 185. What is x(12)?
7
Let c(u) = -5*u + 20. What is c(-7)?
55
Let v(i) = -13*i - 30. Determine v(-8).
74
Let r(v) = -v**3 + 2*v**2 + v + 10. Give r(3).
4
Let y(x) = 9*x + 3. What is y(-2)?
-15
Let g(t) = 2*t + 8. Give g(-8).
-8
Let q(v) = 3*v**3 - 2*v**2 + 7*v - 6. What is q(1)?
2
Let c(u) = 17*u - 140. Determine c(6).
-38
Let h(l) = 2*l**2 + 24*l - 1. What is h(-13)?
25
Let w(h) = 3*h - 32. Calculate w(13).
7
Let g(x) = -5*x**3 - 2*x**2 + 1. What is g(-1)?
4
Let u(c) = -c**3 - 3*c**2 + 13*c + 43. Give u(-6).
73
Let p(a) = -a**3 + 2*a - 39. Give p(0).
-39
Let i(r) = 6*r - 159. Calculate i(30).
21
Let p(c) = 9*c**3 - 2*c**2 + 3*c + 4. Determine p(-1).
-10
Let y(i) = -i**2 + 6*i - 10. Calculate y(0).
-10
Let l(x) = -x**3 + 34*x**2 - 33*x - 40. Calculate l(33).
-40
Let p(k) = -k**2 - 15*k - 4. Give p(-6).
50
Let p(w) = w**3 - 2*w**2 - 9*w + 18. Determine p(-3).
0
Let w(l) = -l**2 - 6*l + 3. Give w(-5).
8
Let v(i) = 33*i + 107. What is v(-4)?
-25
Let l(n) = n**3 + 15*n**2 + 14*n + 5. Give l(-14).
5
Let l(h) = h - 7. Determine l(-6).
-13
Let f(x) = x**2 + 20*x - 98. Determine f(-24).
-2
Let h(m) = -m**3 + 6*m**2 - 5*m - 4. Give h(4).
8
Let n(b) = -5*b + 51. Determine n(14).
-19
Let g(h) = -7*h + 12. Give g(11).
-65
Let u(a) = -a**2 + 16*a - 41. Give u(12).
7
Let t(m) = 20*m - 564. What is t(28)?
-4
Let j(l) = -6*l**2 + 6. Determine j(2).
-18
Let w(a) = -a**3 + 19*a**2 - 17*a - 16. What is w(18)?
2
Let z(x) = -x**3 - 6*x**2 + 4. Determine z(-6).
4
Let s(m) = -21*m**2 - m. What is s(1)?
-22
Let a(y) = -y**3 - 9*y**2 - 12*y + 11. Give a(-7).
-3
Let n(r) = -6*r - 2. Give n(-5).
28
Let r(a) = 6*a - 216. Determine r(36).
0
Let v(b) = 4*b - 48. Determine v(9).
-12
Let s(k) = -6*k**3 + 2*k**2 - 3*k + 2. What is s(2)?
-44
Let o(u) = u**2 + 172*u + 670. Determine o(-4).
-2
Let s(k) = -k**2 + 18*k - 17. Determine s(16).
15
Let k(p) = 2*p - 73. What is k(35)?
-3
Let j(a) = -26*a**3 - a**2 - a. Give j(-1).
26
Let m(w) = 9*w - 3. Calculate m(-8).
-75
Let v(f) = 9*f - 71. Determine v(9).
10
Let k(o) = -o + 2. Give k(4).
-2
Let c(g) = -g + 14. Calculate c(12).
2
Let s(x) = -x**3 + 4*x**2 + 14*x - 7. Determine s(6).
5
Let l(q) = -60*q. Determine l(1).
-60
Let q(d) = -38*d - 186. Give q(-5).
4
Let b(t) = t**2 + 13*t + 8. What is b(-13)?
8
Let g(l) = l**2 - 26*l + 55. Calculate g(23).
-14
Let c(j) = j**3 + j**2 + 2*j - 1. Calculate c(2).
15
Let z(d) = -10*d + 85. Give z(9).
-5
Let n(l) = l**3 + 5*l**2 + 4*l + 3. Determine n(-3).
9
Let g(u) = u**3 - 7*u**2 - 12*u + 7. What is g(8)?
-25
Let b(u) = -u**3 - 10*u**2 - 6*u + 11. Give b(-9).
-16
Let d(b) = b**3 + 17*b**2 - 84*b + 4. Determine d(4).
4
Let n(x) = 6*x**3 - 5*x**2 - x + 3. Give n(-1).
-7
Let h(a) = 73*a + 353. Give h(-5).
-12
Let s(n) = -9*n + 20. What is s(-4)?
56
Let r(q) = 2*q - 12. Calculate r(0).
-12
Let c(s) = -s**3 + 3*s**2 + 4*s - 6. Calculate c(4).
-6
Let c(u) = 3*u + 33. Determine c(-13).
-6
Let n(b) = b + 7. What is n(10)?
17
Let b(j) = 38*j - 49. What is b(4)?
103
Let f(q) = -92*q - 352. What is f(-4)?
16
Let k(o) = o**2 - 2*o + 4. Calculate k(4).
12
Let p(y) = -4*y + 26. Give p(5).
6
Let z(x) = -x**2 - 5. Determine z(4).
-21
Let k(c) = -c**3 + 8*c**2 + 12*c - 12. What is k(9)?
15
Let j(u) = u**3 - 6*u**2 - 10*u + 7. Give j(7).
-14
Let x(c) = -c**2 + 18*c - 7. Calculate x(17).
10
Let v(b) = b**3 - 14*b**2 + 38*b - 17. Determine v(11).
38
Let w(a) = 4*a + 2. Determine w(-3).
-10
Let o(p) = p**3 - 5*p**2 - 6*p + 10. Give o(6).
10
Let r(a) = a**3 + 4*a**2 - 5*a - 6. Determine r(-5).
-6
Let z(k) = -3*k**2 + 11*k - 13. Calculate z(6).
-55
Let p(i) = -2*i**2 + 7*i. What is p(5)?
-15
Let c(l) = -l**3 - 27*l**2 + 28*l + 2. Give c(-28).
2
Let j(q) = 17*q**3 + 2*q - 3. What is j(1)?
16
Let g(c) = -2*c - 3. Calculate g(6).
-15
Let s(x) = -x**3 - 6*x**2 + 6*x - 11. Give s(-7).
-4
Let c(b) = -b**2 + 21*b + 17. What is c(22)?
-5
Let r(j) = 4*j - 47. Determine r(19).
29
Let v(g) = -g - 2. Determine v(-1).
-1
Let d(s) = 8*s + 1. Determine d(-1).
-7
Let n(v) = 3*v**2 - 12*v + 3. Calculate n(4).
3
Let b(v) = v**2 - 10*v + 9. Determine b(9).
0
Let i(c) = -c**3 + 8*c**2 + 2*c - 3. Determine i(9).
-66
Let o(q) = -q**3 - 8*q**2 - q - 1. What is o(-8)?
7
Let o(d) = -17*d**2 + 3*d + 4. Calculate o(2).
-58
Let s(r) = 3*r + 107. Give s(-27).
26
Let t(a) = a**3 + 11*a**2 - a - 8. What is t(-11)?
3
Let g(x) = -x**3 - 11*x**2 - 14*x + 12. Give g(-9).
-24
Let z(s) = s**3 - 7*s**2 - 11*s - 6. Determine z(9).
57
Let i(o) = -9*o + 2. Give i(3).
-25
Let z(n) = n**2 - 14*n - 6. Give z(14).
-6
Let b(r) = 2*r**2 + 6*r - 120. Calculate b(6).
-12
Let m(l) = -82*l + 501. Calculate m(6).
9
Let r(i) = -3*i**2 + 5. What is r(3)?
-22
Let x(l) = -l**2 - 7*l - 1. Give x(-5).
9
Let j(n) = -n**3 + 60*n**2 - 116*n + 26. Calculate j(58).
26
Let p(k) = -2*k**3 + 25*k**2 + 44*k - 18. Determine p(14).
10
Let j(x) = 47*x + 511. Calculate j(-11).
-6
Let h(l) = 4*l**2 + 12*l - 51. Determine h(5).
109
Let o(p) = -p**2 - 12*p - 12. Determine o(-9).
15
Let n(s) = 12*s - 5. Determine n(4).
43
Let g(o) = o**3 + 27*o**2 + 73*o + 30. Give g(-24).
6
Let o(g) = -g + 30. Determine o(10).
20
Let g(t) = -3*t**2 - 108*t + 2. Give g(-36).
2
Let f(v) = 2*v**2 - 18*v + 12. Calculate f(8).
-4
Let g(k) = -3*k**2 + 20*k - 40. What is g(5)?
-15
Let l(m) = -18*m + 134. Determine l(8).
-10
Let j(o) = -5*o**2 - 5*o - 6. Calculate j(-1).
-6
Let l(o) = 21*o - 134. What is l(7)?
13
Let a(y) = 3*y**3 + 6*y**2 + 2*y - 1. What is a(-2)?
-5
Let b(h) = -h**3 + h**2 - 2*h + 55. What is b(0)?
55
Let j(u) = -19*u - 3. Determine j(-3).
54
Let q(y) = -5*y**2 + 3*y - 6. Determine q(3).
-42
Let r(s) = -s**2 + 4*s + 8. What is r(6)?
-4
Let t(s) = 16*s + 267. Give t(-17).
-5
Let b(g) = -g**2 - g - 45. Determine b(0).
-45
Let w(o) = -2*o - 5. What is w(-9)?
13
Let m(